of 14799039.
3, 109, 167, 271
List the prime factors of 7218432.
2, 3, 13, 241
What are the prime factors of 13093922?
2, 6546961
List the prime factors of 5499994.
2, 103, 26699
What are the prime factors of 17122804?
2, 1063, 4027
List the prime factors of 363666.
2, 3, 60611
What are the prime factors of 3899409?
3, 17, 157, 487
What are the prime factors of 725358?
2, 3, 53, 2281
What are the prime factors of 5820559?
61, 95419
List the prime factors of 1164064.
2, 11, 3307
List the prime factors of 134595.
3, 5, 997
List the prime factors of 233266.
2, 11, 23, 461
What are the prime factors of 1521352?
2, 7, 3881
List the prime factors of 2175974.
2, 1087987
List the prime factors of 2970948.
2, 3, 247579
List the prime factors of 2395564.
2, 598891
List the prime factors of 631942.
2, 107, 2953
What are the prime factors of 591374?
2, 7, 53, 797
List the prime factors of 1706958.
2, 3, 11, 37, 233
List the prime factors of 22439471.
239, 93889
What are the prime factors of 8572931?
659, 13009
List the prime factors of 136069.
136069
What are the prime factors of 565082?
2, 7, 181, 223
What are the prime factors of 1281574?
2, 7, 91541
List the prime factors of 1470305.
5, 157, 1873
What are the prime factors of 815910?
2, 3, 5, 27197
What are the prime factors of 22307736?
2, 3, 11, 84499
List the prime factors of 12230538.
2, 3, 137, 14879
List the prime factors of 15457626.
2, 3, 858757
What are the prime factors of 229552?
2, 14347
What are the prime factors of 229231?
41, 5591
What are the prime factors of 1735572?
2, 3, 61, 2371
What are the prime factors of 594782?
2, 297391
What are the prime factors of 843308?
2, 210827
List the prime factors of 7763778.
2, 3, 11, 113, 347
What are the prime factors of 215947?
23, 41, 229
What are the prime factors of 760189?
17, 97, 461
What are the prime factors of 605345?
5, 13, 67, 139
What are the prime factors of 793218?
2, 3, 73, 1811
What are the prime factors of 11998831?
13, 70999
List the prime factors of 1670297.
79, 21143
List the prime factors of 557022.
2, 3, 17, 43, 127
What are the prime factors of 29088321?
3, 1481, 6547
List the prime factors of 16938246.
2, 3, 13, 217157
What are the prime factors of 676878?
2, 3, 37, 3049
List the prime factors of 544659.
3, 181553
List the prime factors of 4985727.
3, 83, 20023
What are the prime factors of 2355449?
19, 151, 821
What are the prime factors of 438272?
2, 107
What are the prime factors of 372183?
3, 7, 37, 479
List the prime factors of 7787891.
19, 409889
What are the prime factors of 16016369?
16016369
What are the prime factors of 992778?
2, 3, 165463
What are the prime factors of 1424779?
1424779
What are the prime factors of 879761?
71, 12391
List the prime factors of 2057874.
2, 3, 7, 13, 3769
List the prime factors of 543820.
2, 5, 27191
List the prime factors of 17342579.
1669, 10391
List the prime factors of 16766397.
3, 1862933
What are the prime factors of 208836?
2, 3, 5801
What are the prime factors of 8158384?
2, 13, 61, 643
What are the prime factors of 344153?
344153
What are the prime factors of 332797?
41, 8117
List the prime factors of 4177344.
2, 3, 21757
What are the prime factors of 9614681?
31, 193, 1607
List the prime factors of 238398.
2, 3, 39733
What are the prime factors of 13486526?
2, 89, 75767
List the prime factors of 16154938.
2, 1381, 5849
What are the prime factors of 7318176?
2, 3, 76231
List the prime factors of 9094204.
2, 7, 46399
List the prime factors of 2688124.
2, 37, 41, 443
What are the prime factors of 4458307?
7, 53, 61, 197
List the prime factors of 48396.
2, 3, 37, 109
What are the prime factors of 59244?
2, 3, 4937
List the prime factors of 1530737.
13, 73, 1613
List the prime factors of 11768914.
2, 73, 149, 541
List the prime factors of 150946.
2, 71, 1063
What are the prime factors of 1535033?
859, 1787
List the prime factors of 166706.
2, 19, 41, 107
What are the prime factors of 643461?
3, 7, 13, 2357
List the prime factors of 7707547.
71, 108557
What are the prime factors of 79805?
5, 11, 1451
What are the prime factors of 30824575?
5, 1232983
List the prime factors of 408263.
408263
List the prime factors of 20104340.
2, 5, 1005217
List the prime factors of 3773002.
2, 421, 4481
What are the prime factors of 39729009?
3, 37, 73, 4903
What are the prime factors of 317992?
2, 39749
List the prime factors of 1109333.
379, 2927
What are the prime factors of 368836?
2, 13, 41, 173
List the prime factors of 12104413.
61, 3253
List the prime factors of 1768189.
181, 9769
What are the prime factors of 2893076?
2, 723269
What are the prime factors of 2071835?
5, 414367
What are the prime factors of 921729?
3, 307243
What are the prime factors of 1320636?
2, 3, 167, 659
What are the prime factors of 427795?
5, 67, 1277
What are the prime factors of 86371?
86371
List the prime factors of 2143751.
17, 19, 6637
What are the prime factors of 415160?
2, 5, 97, 107
What are the prime factors of 4505014?
2, 19, 103, 1151
What are the prime factors of 285125?
5, 2281
What are the prime factors of 1689142?
2, 7, 13, 9281
What are the prime factors of 4183680?
2, 3, 5, 2179
List the prime factors of 591488.
2, 4621
List the prime factors of 5012407.
5012407
What are the prime factors of 273050?
2, 5, 43, 127
What are the prime factors of 258475?
5, 7, 211
List the prime factors of 11187137.
13, 41, 139, 151
What are the prime factors of 782189?
782189
List the prime factors of 104624.
2, 13, 503
What are the prime factors of 40691484?
2, 3, 125591
List the prime factors of 5811693.
3, 401, 4831
List the prime factors of 7682289.
3, 19, 134777
List the prime factors of 1595699.
7, 37, 61, 101
List the prime factors of 724155.
3, 5, 23, 2099
What are the prime factors of 36713553?
3, 12237851
What are the prime factors of 571747?
11, 51977
What are the prime factors of 5672565?
3, 5, 42019
What are the prime factors of 13537557?
3, 11, 19, 2399
What are the prime factors of 513280?
2, 5, 401
What are the prime factors of 12625?
5, 101
What are the prime factors of 1205198?
2, 17, 35447
What are the prime factors of 22121912?
2, 2765239
List the prime factors of 128033.
128033
What are the prime factors of 155768?
2, 19471
What are the prime factors of 3976882?
2, 7, 13, 21851
What are the prime factors of 1071097?
103, 10399
List the prime factors of 144830.
2, 5, 7, 2069
What are the prime factors of 320027?
320027
List the prime factors of 188393.
23, 8191
What are the prime factors of 562057?
379, 1483
List the prime factors of 735964.
2, 17, 79, 137
List the prime factors of 5784840.
2, 3, 5, 16069
List the prime factors of 7172722.
2, 1319, 2719
What are the prime factors of 16885660?
2, 5, 11, 76753
What are the prime factors of 7165923?
3, 2388641
What are the prime factors of 3826910?
2, 5, 37, 10343
What are the prime factors of 1526869?
757, 2017
What are the prime factors of 413434?
2, 7, 29531
What are the prime factors of 195286?
2, 7, 13, 29, 37
What are the prime factors of 9649947?
3, 3216649
What are the prime factors of 1817299?
11, 23, 653
What are the prime factors of 1780805?
5, 13, 27397
List the prime factors of 156650.
2, 5, 13, 241
List the prime factors of 1375776.
2, 3, 17, 281
List the prime factors of 2709173.
2709173
List the prime factors of 157017.
3, 7, 7477
List the prime factors of 1913481.
3, 107, 1987
What are the prime factors of 839250?
2, 3, 5, 373
List the prime factors of 573766.
2, 61, 4703
What are the prime factors of 24620?
2, 5, 1231
What are the prime factors of 3405851?
173, 19687
What are the prime factors of 19324833?
3, 11, 585601
List the prime factors of 11011765.
5, 523, 4211
List the prime factors of 18290572.
2, 17, 268979
What are the prime factors of 13984853?
37, 599, 631
List the prime factors of 1403705.
5, 53, 5297
List the prime factors of 11513270.
2, 5, 1151327
What are the prime factors of 567263?
567263
What are the prime factors of 7648387?
7648387
List the prime factors of 379201.
23, 16487
What are the prime factors of 16034888?
2, 73, 27457
List the prime factors of 1004916.
2, 3, 11, 23, 331
List the prime factors of 110983.
29, 43, 89
List the prime factors of 489992.
2, 23, 2663
List the prime factors of 3459104.
2,